
Let i(c) = 919*c + 14658. Give i(-14).
1792
Let p(t) = -2*t**2 + 726*t - 42394. Calculate p(290).
-54
Let m(p) = -11*p**2 + 310*p - 3245. What is m(10)?
-1245
Let k(i) = 4121*i + 70063. Give k(-17).
6
Let h(b) = 3*b**3 + 245*b**2 - 333*b + 165. Calculate h(-83).
248
Let f(r) = 3*r**3 + 554*r**2 - 60*r + 23131. What is f(-185)?
6
Let k(s) = -8*s**2 + 986*s - 540. Determine k(123).
-294
Let y(p) = -1146*p - 23001. What is y(-20)?
-81
Let n(x) = 2477*x - 14860. Give n(6).
2
Let h(n) = -138*n + 5237. Give h(37).
131
Let w(b) = -b**3 + 18*b**2 + 116*b - 1956. Calculate w(18).
132
Let c(f) = 3168*f**2 - 849027*f + 808. Calculate c(268).
4
Let d(i) = -4387*i + 30749. Determine d(7).
40
Let h(y) = 1637*y - 793. Determine h(2).
2481
Let x(f) = -183*f**3 + 3*f**2 - 129*f + 246. What is x(2)?
-1464
Let w(i) = 1039*i + 453008. Give w(-436).
4
Let s(p) = 12*p**2 - 70916*p + 212757. What is s(3)?
117
Let k(c) = -763*c - 1054489. Give k(-1382).
-23
Let f(b) = -124*b**2 - 13652*b - 1310. What is f(-110)?
10
Let z(d) = 2*d**3 - 172*d**2 - d + 65. What is z(86)?
-21
Let x(o) = -5*o**3 + 85*o**2 - 187*o + 2848. Calculate x(17).
-331
Let h(c) = 18854*c + 1244367. What is h(-66)?
3
Let z(r) = 2*r**3 - 8*r**2 - 3516*r + 20942. Determine z(6).
-10
Let p(l) = -2237*l + 14063. What is p(6)?
641
Let y(b) = b**2 - 167756*b + 3690155. Determine y(22).
7
Let g(y) = -2851*y**3 - 12*y + 12. Calculate g(1).
-2851
Let y(t) = -t**3 + 15*t**2 + 673*t - 837. Give y(34).
81
Let h(z) = 913*z + 42380. Determine h(-47).
-531
Let w(o) = 354101*o + 5311520. What is w(-15)?
5
Let s(f) = -f**3 - 53*f**2 - 307*f - 1136. Calculate s(-45).
-3521
Let d(w) = -482*w - 6101. Give d(-11).
-799
Let z(s) = -3*s**2 + 388*s - 8874. Determine z(97).
535
Let i(u) = -1855163*u + 35248096. Determine i(19).
-1
Let x(n) = -7358*n - 323741. What is x(-44)?
11
Let v(q) = 131*q + 989. Calculate v(-7).
72
Let i(p) = 154231*p + 1233871. Give i(-8).
23
Let x(t) = 7*t**2 - 880*t - 8485. Give x(-9).
2
Let b(p) = p**3 + 48*p**2 - 55*p + 439. Determine b(-50).
-1811
Let q(v) = -667*v**3 - 265*v**2 + 263*v + 2. Give q(1).
-667
Let j(d) = -d**3 + 129*d**2 + 104*d + 3168. Calculate j(130).
-212
Let j(v) = -319579*v - 40. Calculate j(0).
-40
Let l(m) = -66533*m - 66715. Determine l(-1).
-182
Let t(v) = 39*v**3 + 2*v**2 - v. Give t(1).
40
Let h(f) = f**2 - 59*f - 3392. Give h(-37).
160
Let l(m) = 105*m**3 - 4*m**2 + 982*m + 2934. Calculate l(-3).
-2883
Let k(n) = 2086*n - 1509. What is k(1)?
577
Let z(v) = 1082*v + 75674. What is z(-70)?
-66
Let l(n) = n**3 + 52*n**2 + 473*n + 323. Give l(-37).
3357
Let y(n) = 2*n**2 - 264*n - 1839. Give y(138).
-183
Let u(m) = -23*m**3 - 716*m**2 - 101*m - 104. What is u(-31)?
144
Let n(v) = -3*v**2 + 133*v + 580. Determine n(54).
-986
Let k(d) = -2*d**3 + 13*d**2 + 7*d + 14. What is k(3)?
98
Let w(x) = -x**2 + 3518*x + 1063435. Give w(-280).
-5
Let r(z) = -z**3 - 217*z**2 - 245*z - 3580. Calculate r(-216).
2684
Let t(y) = -634*y**2 + 6648*y - 3112. Determine t(10).
-32
Let u(y) = y**3 - 56*y**2 - 743*y + 549. Give u(67).
147
Let k(z) = 3124*z**3 + 9*z**2 - 19*z + 11. Determine k(1).
3125
Let k(j) = j**3 - 1610*j**2 + 36505*j - 93. What is k(23)?
-1
Let n(u) = -4*u**3 - 13*u**2 - 154*u - 158. Determine n(-5).
787
Let g(z) = z**3 - 194*z**2 + 3046*z - 9137. Determine g(4).
7
Let x(k) = -2*k**3 - 208*k**2 + 620*k - 2353. Give x(-107).
1
Let d(h) = -h**2 - 907*h + 82112. Give d(83).
-58
Let w(s) = -s**3 - 30*s**2 - 102*s - 532. Determine w(-27).
35
Let u(d) = -13867*d - 41775. Give u(-3).
-174
Let n(u) = 4*u**2 - 469*u + 1253. Calculate n(0).
1253
Let u(l) = 2888*l + 70. Calculate u(-1).
-2818
Let y(k) = k**3 - 805*k**2 + 10312*k - 12665. Calculate y(792).
7
Let f(a) = -1329681*a - 7978117. Determine f(-6).
-31
Let n(d) = -d**3 - 15*d**2 + 30*d - 86. Determine n(-15).
-536
Let k(r) = -66478*r - 398860. Calculate k(-6).
8
Let v(y) = -69*y**2 + 630*y - 33. Determine v(9).
48
Let a(d) = 17*d**2 + 274*d - 339. Determine a(-18).
237
Let y(k) = 5*k**3 - 130*k**2 + 123*k + 26. Calculate y(25).
-24
Let f(m) = 1501*m + 181603. Give f(-121).
-18
Let y(u) = -3996*u - 12017. What is y(-3)?
-29
Let j(b) = -31*b**2 + 5069*b + 10138. Calculate j(-2).
-124
Let a(z) = 20*z**2 - 853*z + 4835. Determine a(7).
-156
Let i(x) = x**3 + 22*x**2 + 444*x + 7284. Determine i(-19).
-69
Let f(v) = -34*v**2 - 555*v + 1059. Calculate f(-18).
33
Let h(p) = -170866*p - 3075577. Calculate h(-18).
11
Let c(r) = -r**3 - 7*r**2 + 232275*r + 2090316. What is c(-9)?
3
Let m(u) = -3037*u - 30543. What is m(-10)?
-173
Let k(m) = -76*m**2 + 1799*m - 1756. Calculate k(22).
1038
Let m(u) = -40*u**2 - 356*u - 315. Determine m(-9).
-351
Let t(x) = -4577*x + 792044. Give t(173).
223
Let r(v) = v**3 + 215*v**2 - 807*v - 173662. What is r(-215)?
-157
Let b(m) = -4*m**2 - 238*m - 53. Give b(-44).
2675
Let b(y) = -2*y**2 + 1415*y + 219691. Calculate b(-131).
4
Let g(o) = -18*o + 937. Give g(131).
-1421
Let k(y) = 292*y - 15706. Calculate k(52).
-522
Let v(u) = -754*u - 7955. What is v(-9)?
-1169
Let k(g) = -2075*g - 35903. Give k(-17).
-628
Let r(j) = -3*j**2 - 485*j - 15470. Calculate r(-44).
62
Let u(x) = -x**2 - 15911*x - 5278907. What is u(-339)?
1
Let z(a) = 9*a**3 + 1528*a**2 - 335*a + 789. Give z(-170).
-61
Let k(t) = -5*t**2 - 34*t + 407. Calculate k(-13).
4
Let c(b) = 31*b**3 - 43*b**2 + 237*b + 25. Calculate c(6).
6595
Let t(x) = 2*x**3 - 2*x**2 - 9*x + 43. Calculate t(5).
198
Let d(i) = -2*i**2 + 303*i + 886. Determine d(154).
116
Let w(r) = 49*r**2 - 2455*r - 162. What is w(50)?
-412
Let d(p) = -162*p - 4756. Determine d(-29).
-58
Let x(h) = 7*h**2 - 57548*h + 57552. What is x(1)?
11
Let i(r) = 38*r**2 + 60*r + 15. What is i(0)?
15
Let m(v) = -76*v**2 - 132*v + 117. Calculate m(1).
-91
Let m(p) = 35*p**2 + 152*p - 21. What is m(-4)?
-69
Let i(p) = p**2 - 1351*p - 67178. What is i(-48)?
-26
Let t(s) = -30*s**2 + 2953*s + 1626. Calculate t(99).
-57
Let s(z) = -z**2 - 1674951*z - 28473879. What is s(-17)?
-1
Let b(s) = s**3 - 40*s**2 + 288*s + 1883. Give b(15).
578
Let d(q) = q**3 + 2511*q**2 - 42977*q + 20. Determine d(17).
3
Let i(s) = 59*s + 1990. What is i(-32)?
102
Let c(b) = b**3 - 50*b**2 + 75*b + 364. Determine c(48).
-644
Let o(m) = -665*m**3 + 1050703*m**2 - 4742*m + 3163. Determine o(1580).
3
Let c(v) = -2*v**2 + 36990*v - 1107886. Give c(30).
14
Let f(j) = -8*j - 1059. Give f(-135).
21
Let z(a) = 1677*a + 216335. Calculate z(-129).
2
Let a(j) = -12*j**2 + 601*j - 3679. Calculate a(43).
-24
Let k(q) = 35*q**3 - 668*q**2 + 13*q + 248. Give k(19).
-588
Let n(l) = l**2 + 184*l - 5723. What is n(27)?
-26
Let t(y) = y**2 + 435*y + 9477. Calculate t(-23).
1
Let j(g) = 421*g - 164785. What is j(393)?
668
Let s(j) = -2*j**2 - 79*j - 1073. Give s(-19).
-294
Let k(q) = -91*q**2 - 25*q + 35. Calculate k(-6).
-3091
Let m(r) = 24484*r + 97957. Calculate m(-4).
21
Let b(u) = -126*u**3 + 88*u**2 - 223*u - 1. Determine b(3).
-3280
Let v(k) = -503*k - 60261. Determine v(-120).
99
Let v(f) = -5027*f + 1105950. Determine v(220).
10
Let s(k) = 27*k**2 - 1082*k + 7195. Give s(31).
-400
Let j(h) = -26*h**2 - 6020*h - 3268. Determine j(-231).
-34
Let b(j) = 3265*j + 205773. Calculate b(-63).
78
Let s(y) = -y**2 + 66*y - 796. Calculate s(45).
149
Let r(w) = 28268*w - 367297. Give r(13).
187
Let p(j) = -101*j**2 - 1665*j + 878. Determine p(-17).
-6
Let v(c) = -3*c**3 - 22*c**2 - 18*c - 197. What is v(-11)?
1332
Let l(i) = i**3 - 63*i**2 - 472*i - 6757. What is l(71)?
59
Let b(q) = -926*q - 117690. What is b(-127)?
-88
Let h(w) = -2*w**3 - 61*w**2 - 38*w + 22. Calculate h(-30).
262
Let q(c) = 14803*c - 134473. Determine q(9).
-1246
Let h(b) = -1724*b + 308600. Determine h(179).
4
Let w(v) = -18038*v + 16992. Determine w(1).
-1046
Let k(y) = 170*y + 6604. Determine k(-36).
484
Let o(x) = 2724*x - 72286. Give o(26).
-1462
Let i(g) = -5*g**2 - 2947*g + 29789. Calculate i(10).
-181
Let o(w) = -3395*w - 458387. Determine o(-135).
-62
Let n(q) = -6363*q + 432678. What is n(68)?
-6
Let l(o) = 67*o**3 + 534*o**2 - 10*o + 30. Calculate l(-8).
-18
Let p(c) = 476*c + 91332. Calculate p(-192).
-60
Let s(d) = 12320*d + 159967. Give s(-13).
-193
Let b(p) = 8333070*p - 33332293. What is b(4)?
-13
Let i(a) = 140980*a - 140967. Determine i(1).
13
Let b(z